?
4
What is the hundreds digit of 1024?
0
What is the units digit of 4896?
6
What is the hundreds digit of 1562?
5
What is the units digit of 4478?
8
What is the units digit of 40164?
4
What is the tens digit of 201?
0
What is the hundreds digit of 2440?
4
What is the tens digit of 5305?
0
What is the units digit of 2615?
5
What is the units digit of 21264?
4
What is the thousands digit of 71488?
1
What is the tens digit of 22981?
8
What is the thousands digit of 3012?
3
What is the hundreds digit of 22593?
5
What is the hundreds digit of 9726?
7
What is the thousands digit of 3923?
3
What is the hundreds digit of 18273?
2
What is the units digit of 805?
5
What is the thousands digit of 48805?
8
What is the units digit of 4432?
2
What is the hundreds digit of 22121?
1
What is the thousands digit of 106173?
6
What is the units digit of 90?
0
What is the hundreds digit of 1064?
0
What is the tens digit of 3444?
4
What is the units digit of 547?
7
What is the tens digit of 35823?
2
What is the units digit of 20452?
2
What is the thousands digit of 6295?
6
What is the thousands digit of 25178?
5
What is the hundreds digit of 1098?
0
What is the hundreds digit of 55766?
7
What is the thousands digit of 3151?
3
What is the thousands digit of 15495?
5
What is the tens digit of 3788?
8
What is the hundreds digit of 37285?
2
What is the units digit of 45136?
6
What is the hundreds digit of 4720?
7
What is the hundreds digit of 21259?
2
What is the tens digit of 15401?
0
What is the thousands digit of 27786?
7
What is the ten thousands digit of 11807?
1
What is the units digit of 7424?
4
What is the units digit of 46340?
0
What is the thousands digit of 16720?
6
What is the units digit of 1264?
4
What is the units digit of 3612?
2
What is the thousands digit of 1448?
1
What is the hundreds digit of 3467?
4
What is the tens digit of 67357?
5
What is the units digit of 11843?
3
What is the units digit of 6379?
9
What is the tens digit of 5238?
3
What is the tens digit of 87?
8
What is the hundreds digit of 28152?
1
What is the thousands digit of 6453?
6
What is the units digit of 92704?
4
What is the ten thousands digit of 68622?
6
What is the units digit of 1251?
1
What is the thousands digit of 3901?
3
What is the ten thousands digit of 48484?
4
What is the units digit of 122?
2
What is the units digit of 367?
7
What is the thousands digit of 12481?
2
What is the tens digit of 168801?
0
What is the tens digit of 37983?
8
What is the thousands digit of 30568?
0
What is the hundreds digit of 1210?
2
What is the tens digit of 5488?
8
What is the hundreds digit of 8463?
4
What is the ten thousands digit of 75008?
7
What is the tens digit of 10749?
4
What is the hundreds digit of 51597?
5
What is the tens digit of 1618?
1
What is the hundreds digit of 2284?
2
What is the tens digit of 2840?
4
What is the hundreds digit of 14136?
1
What is the units digit of 8365?
5
What is the units digit of 1166?
6
What is the units digit of 31407?
7
What is the units digit of 6210?
0
What is the hundreds digit of 73107?
1
What is the hundreds digit of 417?
4
What is the units digit of 1147?
7
What is the units digit of 1092?
2
What is the units digit of 1372?
2
What is the units digit of 14?
4
What is the hundreds digit of 827?
8
What is the hundreds digit of 304?
3
What is the tens digit of 61156?
5
What is the units digit of 2610?
0
What is the thousands digit of 4493?
4
What is the thousands digit of 5771?
5
What is the thousands digit of 4146?
4
What is the hundreds digit of 361?
3
What is the hundreds digit of 6728?
7
What is the tens digit of 6257?
5
What is the tens digit of 68326?
2
What is the thousands digit of 7079?
7
What is the units digit of 3467?
7
What is the units digit of 4363?
3
What is the units digit of 1179?
9
What is the ten thousands digit of 11110?
1
What is the hundreds digit of 4215?
2
What is the hundreds digit of 58199?
1
What is the tens digit of 354?
5
What is the hundreds digit of 176?
1
What is the ten thousands digit of 16101?
1
What is the thousands digit of 46173?
6
What is the thousands digit of 5290?
5
What is the thousands digit of 25739?
5
What is the tens digit of 40906?
0
What is the tens digit of 3080?
8
What is the hundreds digit of 3061?
0
What is the hundreds digit of 169928?
9
What is the hundreds digit of 4089?
0
What is the thousands digit of 6669?
6
What is the thousands digit of 7281?
7
What is the ten thousands digit of 10469?
1
What is the units digit of 4743?
3
What is the thousands digit of 126948?
6
What is the ten thousands digit of 61659?
6
What is the tens digit of 43435?
3
What is the hundreds digit of 169?
1
What is the hundreds digit of 2798?
7
What is the thousands digit of 1128?
1
What is the thousands digit of 16188?
6
What is the hundreds digit of 4397?
3
What is the units digit of 484?
4
What is the hundreds digit of 57415?
4
What is the thousands digit of 3016?
3
What is the units digit of 675?
5
What is the units digit of 1392?
2
What is the tens digit of 1089?
8
What is the units digit of 118?
8
What is the tens digit of 13741?
4
What is the hundreds digit of 461?
4
What is the units digit of 1308?
8
What is the tens digit of 8816?
1
What is the units digit of 4034?
4
What is the units digit of 768?
8
What is the tens digit of 73471?
7
What is the thousands digit of 12833?
2
What is the tens digit of 1168?
6
What is the thousands digit of 1288?
1
What is the units digit of 3354?
4
What is the thousands digit of 2142?
2
What is the thousands digit of 40518?
0
What is the tens digit of 28612?
1
What is the tens digit of 6164?
6
What is the tens digit of 71358?
5
What is the thousands digit of 5662?
5
What is the thousands digit of 17483?
7
What is the hundreds digit of 5507?
5
What is the units digit of 8650?
0
What is the hundreds digit of 6824?
8
What is the tens digit of 99026?
2
What is the hundreds digit of 3777?
7
What is the units digit of 47244?
4
What is the thousands digit of 131551?
1
What is the units digit of 20151?
1
What is the units digit of 724?
4
What is the units digit of 1400?
0
What is the hundred thousands digit of 116414?
1
What is the units digit of 37339?
9
What is the tens digit of 1018?
1
What is the tens digit of 1310?
1
What is the hundreds digit of 50060?
0
What is the units digit of 15544?
4
What is the hundreds digit of 173?
1
What is the units digit of 42255?
5
What is the tens digit of 14106?
0
What is the hundreds digit of 2444?
4
What is the tens digit of 555?
5
What is the thousands digit of 22599?
2
What is the thousands digit of 48679?
8
What is the tens digit of 2710?
1
What is the ten thousands digit of 12940?
1
What is the tens digit of 34243?
4
What is the units digit of 12653?
3
What is the tens digit of 141?
4
What is the thousands digit of 43484?
3
What is the tens digit of 9341?
4
What is the units digit of 66?
6
What is the thousands digit of 43555?
3
What is the hundreds digit of 214?
2
What is the units digit of 62807?
7
What is the tens digit of 33923?
2
What is the hundreds digit of 2646?
6
What is the hundreds digit of 84337?
3
What is the tens digit of 3042?
4
What is the units digit of 3471?
1
What is the tens digit of 39?
3
What is the thousands digit of 1597?
1
What is the ten thousands digit of 68752?
6
What is the units digit of 2218?
8
What is the tens digit of 4604?
0
What is the ten thousands digit of 13620?
1
What is the hundreds digit of 7700?
7
What is the tens digit of 152?
5
What is the tens digit of 8387?
8
What is the units digit of 1883?
3
What is the units digit of 285?
5
What is the units digit of 76160?
0
What is the tens digit of 8596?
9
What is the ten thousands digit of 52145?
5
What is the tens digit of 2925?
2
What is the units digit of 80650?
0
What is the thousands digit of 1426?
1
What is the tens digit of 476?
7
What is the units digit of 502?
2
What is the hundreds digit of 66414?
4
What is the units digit of 584?
4
What is the tens digit of 18916?
1
What is the hundreds digit of 4788?
7
What is the tens digit of 4628?
2
What is the thousands digit of 4670?
4
What is the tens digit of 13888?
8
What is the hundreds digit of 53405?
4
What is the tens digit of 2338?
3
What is the thousands digit of 1502?
1
What is the thou